0222 + -1201123?
-1110301
In base 4, what is -3231331 + -1313322?
-11211313
In base 15, what is 2b2772b5 - 1?
2b2772b4
In base 7, what is 413342244 + -3?
413342241
In base 9, what is 7205854 + -327?
7205526
In base 5, what is 1433333402 - -343?
1433334300
In base 10, what is -2888504 + -158?
-2888662
In base 9, what is 635218 - 1471?
633637
In base 7, what is -214 - 4133640?
-4134154
In base 4, what is -322233132 - 231?
-322300023
In base 9, what is -51 - -643242?
643181
In base 5, what is -2020441 - 14013?
-2040004
In base 3, what is -1102021011112 - 1?
-1102021011120
In base 10, what is -2963369 + 2?
-2963367
In base 8, what is -11 + -2221456?
-2221467
In base 9, what is -1 + -35275120?
-35275121
In base 5, what is 10 + 212202113133?
212202113143
In base 6, what is 34205513 - 4?
34205505
In base 15, what is -8064ac7 - 1?
-8064ac8
In base 13, what is 16a94 - -430b?
1b0a2
In base 14, what is -52790c - 6?
-527914
In base 12, what is 20b - -31795?
319a4
In base 3, what is 11202100101 - -2212?
11202110020
In base 11, what is -1 + a07357?
a07356
In base 11, what is 8822 + 19a?
8a11
In base 15, what is 2 - 249c6e?
-249c6c
In base 14, what is -1a36d66 - -3?
-1a36d63
In base 15, what is -9 + 312eac?
312ea3
In base 13, what is 1478a305a - 3?
1478a3057
In base 3, what is 20121000 - -2011001220?
2101122220
In base 6, what is -1 - -33110201041?
33110201040
In base 3, what is -210 + 222002010010120?
222002010002210
In base 14, what is 1b2371 - -136?
1b24a7
In base 6, what is 1235345 + 211?
1240000
In base 14, what is 0 - -2c52ca?
2c52ca
In base 3, what is 20 + 101101112022112?
101101112022202
In base 15, what is 637 + -3964?
-332c
In base 8, what is 504 - -1765?
2471
In base 7, what is 4 + -33521320?
-33521313
In base 13, what is 2 - -12c942?
12c944
In base 10, what is -1899 + 127081?
125182
In base 2, what is -101010011010001101101 + -10?
-101010011010001101111
In base 14, what is -20abb - -b57?
-1dd64
In base 16, what is -1d3b1c + 3e?
-1d3ade
In base 8, what is -2565440 - 261?
-2565721
In base 15, what is 13 - 9ad622?
-9ad60e
In base 10, what is 424913 + 190?
425103
In base 8, what is -10076526 - -4?
-10076522
In base 2, what is 111 + -11000100010111101000010010?
-11000100010111101000001011
In base 6, what is 514403453 + 33?
514403530
In base 13, what is -10 + 70a8178?
70a8168
In base 10, what is 89 + 1914530?
1914619
In base 14, what is -3 - 20c565a?
-20c565d
In base 9, what is -46258 - -44?
-46214
In base 3, what is 222122220110 - 112121?
222122100212
In base 16, what is 1d - -12734?
12751
In base 16, what is 29e49 + -18?
29e31
In base 14, what is 17c3812 - -a?
17c381c
In base 4, what is 110001 - 32010312?
-31300311
In base 8, what is 7152347 - 3?
7152344
In base 3, what is -212 + 102010201122011?
102010201121022
In base 5, what is -1124410010202 + -10?
-1124410010212
In base 8, what is -5 + 43602026?
43602021
In base 8, what is -1733226 + 1?
-1733225
In base 4, what is -11 - -221102001021?
221102001010
In base 9, what is 22870275 - 4?
22870271
In base 3, what is 2000022021 - 221020?
1222101001
In base 10, what is -580 - 14838?
-15418
In base 4, what is 103 + -310331033?
-310330330
In base 4, what is -20321 - -3022033?
3001112
In base 9, what is 22632 - 585?
22036
In base 9, what is 2 + -1407277?
-1407275
In base 14, what is -1 - 17a07ba8?
-17a07ba9
In base 15, what is -12e6 + ab?
-123a
In base 11, what is 55792 + 2524?
58206
In base 16, what is 4cff - -20?
4d1f
In base 6, what is -2344312344 + 5?
-2344312335
In base 15, what is -4 - -3504e7?
3504e3
In base 4, what is -222032311 - 20320?
-222113231
In base 14, what is -88c428 - 5c?
-88c486
In base 5, what is 4231 + -330331?
-321100
In base 6, what is -531 - -132413552?
132413021
In base 9, what is 52 + -332484?
-332432
In base 15, what is 76 - 65792?
-6571b
In base 8, what is -2211423 + 66?
-2211335
In base 8, what is 437 - 3366343?
-3365704
In base 2, what is 10001 - 1010011011111110110?
-1010011011111100101
In base 7, what is 5620535 - 2456?
5615046
In base 5, what is 13442411 + -24422?
13412434
In base 5, what is 4032330022 - 12?
4032330010
In base 11, what is 30 - -286835?
286865
In base 8, what is -10466447 + 1?
-10466446
In base 3, what is -112102000002 - 220?
-112102000222
In base 14, what is -14b0182 - -3?
-14b017d
In base 11, what is 270 + -1a8773?
-1a8503
In base 11, what is 780 + 33103?
33883
In base 7, what is -56435 - -113300?
23532
In base 11, what is -4a - 87581?
-87620
In base 6, what is -10 + 305443521?
305443511
In base 2, what is 10000010111011101010 + -1011101?
10000010111010001101
In base 10, what is 1598745 - 3?
1598742
In base 7, what is 1245143 + 3?
1245146
In base 11, what is 1a - -1a002a5?
1a00314
In base 2, what is 1001011011001011111000010 + 111?
1001011011001011111001001
In base 9, what is -106630 + -1015?
-107645
In base 2, what is -1001101000010010000 + -1000000?
-1001101000011010000
In base 16, what is -141 + -7bc3?
-7d04
In base 6, what is -1433342 - 114?
-1433500
In base 5, what is -33000310021 - 4?
-33000310030
In base 5, what is 20242302213 - -4?
20242302222
In base 12, what is 4498464 + 1?
4498465
In base 10, what is -72721 - 376?
-73097
In base 13, what is 42641 + 25?
42666
In base 15, what is 60 + -104dd3?
-104d73
In base 7, what is -3051 - 2332262?
-2335343
In base 5, what is -310 - 1433311144?
-1433312004
In base 14, what is 42 + 2dc3c?
2dc80
In base 4, what is 202310320312 + 0?
202310320312
In base 11, what is -2045841 + 28?
-2045814
In base 4, what is 0 - -111121202000?
111121202000
In base 10, what is -939653 + -11?
-939664
In base 9, what is -130 - -43551?
43421
In base 3, what is 101121202120 + 11002?
101121220122
In base 9, what is 618525 + -5?
618520
In base 4, what is -310123033131 + 0?
-310123033131
In base 13, what is 18b43 + 6?
18b49
In base 11, what is 62 - -205506?
205568
In base 6, what is -21311 - 2052330?
-2114041
In base 5, what is -1311 - -22224230?
22222414
In base 5, what is -10 + 4130441203?
4130441143
In base 8, what is -4 - -101567445?
101567441
In base 13, what is 10c + 648c8?
64a07
In base 2, what is 10 - 11101100011011101101?
-11101100011011101011
In base 12, what is 73 - -13a26a?
13a321
In base 5, what is -431201 - -12010?
-414141
In base 9, what is 751402 - -775?
752277
In base 6, what is 5 + -210105011?
-210105002
In base 15, what is 5 - 2d8b610?
-2d8b60a
In base 14, what is cd - -2897?
2986
In base 7, what is 45056036 + 4?
45056043
In base 3, what is 20212110 - -212202110?
1010121220
In base 13, what is 0 - 236453cb?
-236453cb
In base 10, what is 84 - 89475?
-89391
In base 15, what is 145b8 + 70?
14638
In base 5, what is -111 - -124000324?
124000213
In base 9, what is -574 - -6134?
5450
In base 15, what is -7664 - e76?
-85da
In base 9, what is 1 + -1057470?
-1057468
In base 13, what is b + 37385c?
37386a
In base 8, what is -1130117 + 11?
-1130106
In base 15, what is 4 + 2707c9?
2707cd
In base 16, what is -b3c4 - -28b4?
-8b10
In base 12, what is 6344 - 138?
6208
In base 4, what is 1201230132112 - 11?
1201230132101
In base 12, what is 5ab71 + -248?
5a925
In base 10, what is 455632 - 15?
455617
In base 15, what is -3 + 61a981e?
61a981b
In base 3, what is -1020020122111010 - 11?
-1020020122111021
In base 2, what is 111000111 + 101111001011011110?
101111010010100101
In base 16, what is f7256 - -a?
f7260
In base 4, what is 12 - -113333202333?
113333203011
In base 9, what is 66256480 - 1?
66256478
In base 6, what is -410340 - 45?
-410425
In base 14, what is -ca + -333c?
-3428
In base 8, what is 25514312 - 40?
25514252
In base 6, what is 3 - 20553220?
-20553213
In base 4, what is -2123 + 112021023?
112012300
In base 7, what is -120416 - 153?
-120602
In base 15, what is -2080b5c + 14?
-2080b48
In base 9, what is -16 - -887710?
887683
In base 12, what is 21a32 - -567?
22399
In base 15, what is 8c8d95 - -1d?
8c8db3
In base 9, what is 41 + -60346612?
-60346561
In base 6, what is -241035552 - -4?
-241035544
In base 8, what is -461 + -1721404?
-1722065
In base 9, what is -56 + -10868327?
-10868384
In base 8, what is 115 + 44130165?
44130302
In base 8, what is -124 + 4306373?
4306247
In base 5, what is -20410 + -243402?
-314312
In base 15, what is 2d811b + 5?
2d8121
In base 7, what is -3463232 + -55?
-3463320
In base 5, what is -11 + 3021130